63475536?
6
What is the units digit of 2216720720?
0
What is the hundred thousands digit of 356212218?
2
What is the ten thousands digit of 672527062?
2
What is the hundreds digit of 15159654?
6
What is the ten millions digit of 127748547?
2
What is the tens digit of 2411145746?
4
What is the hundred thousands digit of 2293420755?
4
What is the ten thousands digit of 500819220?
1
What is the thousands digit of 16964593?
4
What is the thousands digit of 9258709?
8
What is the ten millions digit of 217491147?
1
What is the ten millions digit of 1538201245?
3
What is the hundreds digit of 345027224?
2
What is the hundreds digit of 129895983?
9
What is the units digit of 26678497?
7
What is the ten millions digit of 29060394?
2
What is the millions digit of 1927780418?
7
What is the millions digit of 236612553?
6
What is the millions digit of 2273044?
2
What is the hundred thousands digit of 56571286?
5
What is the billions digit of 1824526003?
1
What is the units digit of 177330935?
5
What is the ten thousands digit of 64918278?
1
What is the hundred thousands digit of 591953293?
9
What is the ten millions digit of 271917527?
7
What is the ten thousands digit of 359521497?
2
What is the hundred thousands digit of 5895889880?
8
What is the hundreds digit of 1997856020?
0
What is the hundred thousands digit of 1091239459?
2
What is the units digit of 71369674?
4
What is the hundred thousands digit of 849681087?
6
What is the thousands digit of 3394459423?
9
What is the thousands digit of 667833517?
3
What is the billions digit of 8059608504?
8
What is the hundreds digit of 1251144133?
1
What is the tens digit of 898526811?
1
What is the thousands digit of 42077701?
7
What is the hundred millions digit of 109379532?
1
What is the ten thousands digit of 4175464583?
6
What is the thousands digit of 347609236?
9
What is the tens digit of 493415966?
6
What is the tens digit of 419299680?
8
What is the units digit of 4087519996?
6
What is the ten thousands digit of 28737286?
3
What is the hundred thousands digit of 35475384?
4
What is the ten thousands digit of 3408575061?
7
What is the ten thousands digit of 20983949?
8
What is the hundred millions digit of 385848978?
3
What is the ten millions digit of 1255972014?
5
What is the thousands digit of 617833414?
3
What is the millions digit of 894534677?
4
What is the ten millions digit of 38958193?
3
What is the millions digit of 2597560393?
7
What is the units digit of 108566274?
4
What is the hundred millions digit of 570102902?
5
What is the units digit of 709842194?
4
What is the ten millions digit of 635298203?
3
What is the hundred thousands digit of 1464408026?
4
What is the hundred millions digit of 3503738778?
5
What is the billions digit of 1098650820?
1
What is the ten thousands digit of 71180673?
8
What is the tens digit of 55230628?
2
What is the hundreds digit of 341704151?
1
What is the ten millions digit of 795888559?
9
What is the ten thousands digit of 31611376?
1
What is the tens digit of 5401008?
0
What is the units digit of 804463283?
3
What is the thousands digit of 288099001?
9
What is the millions digit of 24507671?
4
What is the billions digit of 1552300650?
1
What is the ten thousands digit of 60396288?
9
What is the ten thousands digit of 5560253141?
5
What is the billions digit of 6288369778?
6
What is the thousands digit of 698601481?
1
What is the billions digit of 4299296021?
4
What is the units digit of 98955238?
8
What is the tens digit of 184155227?
2
What is the ten thousands digit of 641257756?
5
What is the hundred millions digit of 147715314?
1
What is the ten millions digit of 109780579?
0
What is the hundreds digit of 5231512906?
9
What is the hundred thousands digit of 79600371?
6
What is the ten millions digit of 285665335?
8
What is the hundred thousands digit of 3424048469?
0
What is the tens digit of 1221910234?
3
What is the ten millions digit of 272589468?
7
What is the hundreds digit of 53726620?
6
What is the ten thousands digit of 604565065?
6
What is the thousands digit of 403509274?
9
What is the ten thousands digit of 2332067702?
6
What is the ten thousands digit of 1608100610?
0
What is the ten thousands digit of 143074001?
7
What is the ten thousands digit of 370623068?
2
What is the hundred millions digit of 455275236?
4
What is the thousands digit of 2781543137?
3
What is the units digit of 951567269?
9
What is the tens digit of 17308489?
8
What is the thousands digit of 213159018?
9
What is the hundred thousands digit of 63770606?
7
What is the thousands digit of 3114477088?
7
What is the units digit of 70814888?
8
What is the thousands digit of 71072141?
2
What is the thousands digit of 365207453?
7
What is the units digit of 58824058?
8
What is the ten millions digit of 167145749?
6
What is the thousands digit of 148765297?
5
What is the tens digit of 5251076071?
7
What is the millions digit of 6706569699?
6
What is the units digit of 63536158?
8
What is the hundreds digit of 1859357571?
5
What is the ten millions digit of 979027067?
7
What is the ten millions digit of 103973531?
0
What is the hundred thousands digit of 122650094?
6
What is the thousands digit of 61961722?
1
What is the billions digit of 1001683616?
1
What is the hundred thousands digit of 17647556?
6
What is the ten thousands digit of 87128071?
2
What is the tens digit of 3515096007?
0
What is the units digit of 11381552?
2
What is the tens digit of 49566648?
4
What is the units digit of 2483598790?
0
What is the ten millions digit of 110969544?
1
What is the hundreds digit of 234814091?
0
What is the thousands digit of 1500210346?
0
What is the ten thousands digit of 55235389?
3
What is the units digit of 35848204?
4
What is the hundred thousands digit of 99049901?
0
What is the hundred thousands digit of 435397256?
3
What is the tens digit of 44335216?
1
What is the thousands digit of 30935711?
5
What is the tens digit of 6895135?
3
What is the units digit of 2400168685?
5
What is the hundred thousands digit of 502705225?
7
What is the hundred thousands digit of 1650241399?
2
What is the hundred thousands digit of 257834068?
8
What is the thousands digit of 53583131?
3
What is the ten thousands digit of 29232971?
3
What is the thousands digit of 22969402?
9
What is the hundreds digit of 61072610?
6
What is the hundred thousands digit of 368752633?
7
What is the tens digit of 63623166?
6
What is the tens digit of 33800987?
8
What is the ten millions digit of 49204825?
4
What is the ten thousands digit of 731621255?
2
What is the billions digit of 1193922108?
1
What is the units digit of 70337457?
7
What is the ten millions digit of 1246882468?
4
What is the millions digit of 94003178?
4
What is the millions digit of 45353858?
5
What is the ten millions digit of 44142491?
4
What is the tens digit of 278976445?
4
What is the hundred millions digit of 218233626?
2
What is the ten thousands digit of 2055660302?
6
What is the ten millions digit of 374980032?
7
What is the tens digit of 115643965?
6
What is the millions digit of 247354785?
7
What is the hundreds digit of 46209492?
4
What is the units digit of 807284454?
4
What is the thousands digit of 199344131?
4
What is the hundred millions digit of 285946250?
2
What is the billions digit of 3718763795?
3
What is the tens digit of 64220541?
4
What is the thousands digit of 26369132?
9
What is the units digit of 169457478?
8
What is the ten thousands digit of 26811568?
1
What is the ten millions digit of 26616215?
2
What is the ten millions digit of 20262146?
2
What is the tens digit of 495869937?
3
What is the hundred millions digit of 548362522?
5
What is the thousands digit of 26392664?
2
What is the thousands digit of 192070707?
0
What is the hundred thousands digit of 470184087?
1
What is the thousands digit of 59361319?
1
What is the ten millions digit of 334559843?
3
What is the ten thousands digit of 234137661?
3
What is the ten millions digit of 139848791?
3
What is the thousands digit of 503943359?
3
What is the hundred thousands digit of 5325667816?
6
What is the hundreds digit of 55650032?
0
What is the ten thousands digit of 14217044?
1
What is the units digit of 183771696?
6
What is the hundred thousands digit of 